 is the tens digit of r?
4
Let d(j) = 2*j**2 + 2*j + 2. Let m be d(0). Let w(l) = l**3 - 3*l**2 + 8*l - 7. Let p be w(m). Suppose 409 = p*k - 126. What is the hundreds digit of k?
1
Let j be (-2)/4 - ((-121)/22)/11. Let i(m) = m**3 + m**2 + 7*m + 164. What is the tens digit of i(j)?
6
Let d be (114 - 1 - -3)*7/14. Suppose 5*f = -v - 69, 0 = -6*f + 3*f - 5*v - 37. Let j = f + d. What is the units digit of j?
4
Suppose -m - 13130 - 7745 = -2*v, 5*v = -5*m + 52210. Suppose -90*u + 103*u = v. What is the units digit of u?
3
Let a be (-34)/(-9) - 4 - (-20910)/54. Let j = a + 99. What is the hundreds digit of j?
4
Let n be 1066/7 - 10/35. Suppose 153*t - n*t - 100 = 0. Let m = t + -46. What is the tens digit of m?
5
Let g(h) = -25*h + 15*h - 2 - 9*h. Let b be g(6). What is the units digit of ((-4)/(-2) - (-5)/(-2))*b?
8
Suppose -3262 = -4*r + 2*r + 4*t, -3*r - 4*t + 4883 = 0. Let b = r - 845. What is the units digit of b?
4
Suppose -3*j - 10223 = -i, 10*i + 5*j - 40790 = 6*i. What is the hundreds digit of i?
2
Let c(u) = -2*u**2 - 20*u + 4. Let i be c(-10). Suppose -i*m + 21*m = 289. What is the units digit of m?
7
Suppose -3*n = -2*h + 300, -8*h - 505 = 5*n - 13*h. Let q = 1529 + n. What is the hundreds digit of q?
4
Let q(w) = -4*w**2 + 5*w + 9. Let b be q(-3). What is the hundreds digit of (28/b)/((-2)/2163)?
7
Suppose 66 + 218 = 3*a + w, 5*w - 460 = -5*a. What is the tens digit of 39/(-2)*a/(-36)?
5
Let g(u) = -355*u - 504. What is the hundreds digit of g(-16)?
1
What is the thousands digit of 3 - (-4)/(48/(-39)) - (-130068)/16?
8
Suppose -4*v = -h + 3307, -3*h = -4*h - 4*v + 3275. What is the hundreds digit of h?
2
Let v be 2*10*(-2)/(-2). Let b = 781 + -701. What is the units digit of b/v - 1*-65?
9
Let y be 1 + (13*93 - (-2)/1). Let z = -818 + y. Suppose -z = -8*x + 4*x + 3*h, 5*h - 510 = -5*x. What is the units digit of x?
0
Let s(a) = -48*a - 90. Let t(l) = 25*l + 46. Let p(q) = -4*s(q) - 7*t(q). Suppose 0 = 3*w - 33 + 6. What is the tens digit of p(w)?
9
Suppose 6830*r - 6819*r - 214229 = 120270. What is the hundreds digit of r?
4
Let k(v) be the second derivative of 0 + 2*v - 1/12*v**4 + 5/2*v**3 - 5/2*v**2. What is the units digit of k(14)?
9
Suppose 5*j + 2*w = 170, 0*j + 4*w - 148 = -4*j. Suppose -5880 = -44*f + j*f. What is the tens digit of f?
9
Let g = 18521 - 13081. What is the hundreds digit of g?
4
Suppose 28*m = 4*m - 18*m + 132636. What is the thousands digit of m?
3
Let s(m) = 81*m**3 + 2*m**2 - 1. Let c be s(-2). Let g = -5997 + 5569. Let l = g - c. What is the hundreds digit of l?
2
Suppose 0 = -3*h - 2*r + 15444 + 26234, -3*r = -h + 13889. What is the thousands digit of h?
3
Suppose -5*g = -3*y + 2, -4*g - 7 = -y + 4*y. Let n(a) = 2*a**2 - 26*a**3 + 3*a - 25*a**3 + 103 - 101 - 10*a**3. What is the units digit of n(g)?
2
Suppose -3*z + z - s + 505 = 0, s - 1261 = -5*z. Let b = 302 - z. What is the units digit of b?
0
Suppose 0 = 4*z - 5*z. Let r(p) = -p - 2. Let s be r(z). What is the units digit of (s + 22)*2/5?
8
Let c = -167 + 144. Let a(n) = -22*n - 81. What is the tens digit of a(c)?
2
Suppose -31*h = 76*h - 1251258. What is the thousands digit of h?
1
Let g be 1*-1 + 260/2. Let o(w) = -w**2 - 15*w - 43. Let r be o(-7). Suppose g = r*a - 10*a. What is the tens digit of a?
4
Let z(n) = 9*n + 50. Let w be z(-5). Suppose 5*c + 4325 = w*l, 4*l - 40*c = -44*c + 3460. What is the tens digit of l?
6
Let y(a) = -179*a**2 - 2*a - 7. Let h be y(-2). Let b = h + 1306. What is the tens digit of b?
8
Let g = -656 + 656. Suppose -902 = -h - 5*n + 516, g = 2*h + 5*n - 2821. What is the units digit of h?
3
Let d = 96 - 88. What is the units digit of 4*(-1)/(-4)*d?
8
What is the hundreds digit of 6/(-5) + (-20)/(2300/(-2637433))?
9
Suppose 70943 = 60*u + 5*u - 39232. What is the thousands digit of u?
1
Let y be 2*(-6)/(-5)*80/(-24). Let p be (-1)/(9/30 + 4/y). Suppose 2*q - 336 = 4*s, -p*q - 38 = -s - 842. What is the hundreds digit of q?
1
Suppose 3*d = 9, -4*v - 14 - 11 = -3*d. Let j be (-6 - -4) + 1 + v. What is the hundreds digit of (-825)/j + -2 - -2?
1
Let q(i) = 8*i**2 + 21*i - 141. Let p be q(11). Let n = -448 + p. What is the units digit of n?
0
Let k(z) = 90*z**2 - 9*z + 2. What is the hundreds digit of k(2)?
3
Let m(z) = z**2 - 27*z - 78. Let a be m(25). Let i = 471 + a. What is the units digit of i?
3
Let i = -200 + 346. Let z = -53 + i. What is the tens digit of z?
9
Suppose 40*i + 8640 - 134229 = 33131. What is the tens digit of i?
6
Let b = -6532 + 20359. What is the ten thousands digit of b?
1
Let v be (-1)/(7/(-31)) - 105/245. Let s be 6/v*702/9. Let o = s + 93. What is the hundreds digit of o?
2
Suppose 35*s = 33*s + 142. Suppose -310 = -2*y + 3*l - s, 5*y = l + 565. What is the hundreds digit of y?
1
Suppose 0 = 5*h - 4*x - 101, 3*x = 5*h + 2*x - 89. Let a be (-1 + 38)*(h - 14). Let r = -46 + a. What is the tens digit of r?
6
Let j = 364 - 360. Let y(l) = 10*l**2 - 8*l + 11. What is the units digit of y(j)?
9
Let l = 103 + -94. Suppose -l*z + 16874 = 5822. What is the tens digit of z?
2
Let s = 97322 + -52841. What is the thousands digit of s?
4
Suppose 1515*z - 212506 = 1508*z. What is the ten thousands digit of z?
3
Suppose -5*l + 50 = 3*r + 1285, 834 = -2*r + 2*l. Let j = r - -691. What is the units digit of j?
6
Let b(x) = -4*x**3 - 20*x**2 + 7*x - 109. What is the tens digit of b(-25)?
1
Let g(d) = -43*d - 51. Let l(o) = 2*o**3 - 25*o**2 + 9*o + 26. Let t be l(12). What is the units digit of g(t)?
9
Let q(o) = o**3 - 17*o**2 + 4*o + 10. Suppose -6*y = 28 - 220. Suppose -3*j = -5*b - 41, -2*j + 12 = 5*b - y. What is the units digit of q(j)?
8
Suppose 17*l - 24 = 14*l. Let y be 40/30*2778/l. Let u = y - 329. What is the tens digit of u?
3
Suppose -99783 - 1777 = -20*o. What is the thousands digit of o?
5
Let f(y) = 81*y**2 - 3*y + 2. Let u = 15 + -10. Suppose u = 7*q - 2*q. What is the tens digit of f(q)?
8
Let b = 159 + -92. What is the hundreds digit of b/(1/(-10) + (-1)/(-5))?
6
Let x(q) = 58*q + 103. Let k = 939 - 924. What is the units digit of x(k)?
3
Let m(y) = 20*y - 106. Suppose -25*v = -27*v + 54. What is the tens digit of m(v)?
3
Let j(t) = 8*t - 17. Let a be j(3). Suppose -4*u + 5 + a = 0. Suppose -3*v + 69 = u*z, 3*z - v - 51 = 38. What is the tens digit of z?
2
Let l(b) = -b**3 - 21*b**2 - 2*b - 25. Let j be l(-21). Suppose j = 3*d + 2*g + 1, 2*g = 5*d. What is the units digit of (-17)/d*(-7 + 1)?
1
Suppose 32*r + 19896 = 236472. What is the thousands digit of r?
6
Suppose -9 - 21 = -3*h - 2*x, 33 = 4*h + 5*x. Let j(t) = -2*t + 29. Let a be j(h). What is the tens digit of (2 - (-148)/10)*a?
8
Let i be -5*(-3 + -59) + 0/(-2). Suppose 2*k - i = 706. What is the tens digit of k?
0
Let q = -316 + 335. Suppose -q*b = -2*b - 8857. What is the tens digit of b?
2
Suppose 3*f - 19*o - 52224 = -17*o, -5*o + 121885 = 7*f. What is the thousands digit of f?
7
Suppose -1827 = 9*f - 10*f. Suppose 563 = -d + f. Suppose -1035 - d = -11*q. What is the units digit of q?
9
Suppose 2*d - 5*o - 80756 = 0, 3*o = -3*d + o + 121153. What is the tens digit of d?
8
Let j(w) = -3*w**2 - w - 2. Let s(u) = -7*u**2 - u - 3. Let o(g) = -5*j(g) + 2*s(g). Suppose 111 = 12*x + 15. What is the tens digit of o(x)?
9
Let o = 334 - 330. Suppose 2*k + k - 3*m - 1038 = 0, -337 = -k + o*m. What is the tens digit of k?
4
Suppose 0*c - 270707 = -34*c - 29749. What is the tens digit of c?
8
Let q = 40178 + -23814. What is the tens digit of q?
6
Let c(j) = 7178*j + 616. What is the ten thousands digit of c(4)?
2
Let r = -62 + -27. Let x = 57 + r. Let k = 93 - x. What is the units digit of k?
5
Let d = 14203 + 12350. What is the hundreds digit of d?
5
Let p be 1 - 2 - (-126)/(-2). Suppose 150 = -8*a - 202. Let f = a - p. What is the units digit of f?
0
Let h(s) = s**2 + 8*s + 6. Let j(p) = p**2 + 7*p - 13. Let w be j(-9). Let y(v) = -v**2 + 6*v + 2. Let u be y(w). What is the hundreds digit of h(u)?
1
Suppose 0 = 43*v - 26243 - 54726. What is the tens digit of v?
8
Suppose -138 = 6*k + 1032. Suppose 5*g - 2*x = -5*x + 59, -3*x = 2*g - 29. What is the units digit of k/2*(-8)/g?
8
What is the units digit of (-3 + 24/(-15))/(6/(-30))*737?
1
Suppose 4*c + 1 = -15, 3*f - 2*c = 14. Suppose -u + 4*v = -f*u + 338, 3*v = -4*u + 1417. What is the units